21 (base 7) to base 15
-b92
-53496 (base 10) to base 2
-1101000011111000
What is 72 (base 10) in base 6?
200
2032222 (base 4) to base 6
110134
34b (base 12) to base 10
491
-41aa (base 12) to base 8
-16022
Convert -110103 (base 4) to base 14.
-68b
Convert 438 (base 13) to base 8.
1323
Convert 10020 (base 4) to base 14.
14c
Convert -1022120 (base 4) to base 15.
-1625
a340 (base 12) to base 9
26323
What is 107 (base 14) in base 2?
11001011
Convert -61 (base 9) to base 16.
-37
a54 (base 15) to base 16
919
-512 (base 7) to base 16
-fe
Convert 1110100101 (base 2) to base 13.
56a
-8554 (base 11) to base 9
-16458
a63 (base 11) to base 12
8a7
What is -2216 (base 10) in base 14?
-b44
Convert 445 (base 7) to base 12.
171
Convert 103013 (base 4) to base 9.
1608
What is 719a (base 14) in base 9?
28721
Convert 4161 (base 9) to base 5.
44202
Convert -70b (base 16) to base 3.
-2110210
What is -693 (base 16) in base 15?
-773
What is -101101220 (base 3) in base 8?
-16640
Convert 5c7 (base 16) to base 9.
2023
What is -2616 (base 11) in base 7?
-12633
What is 14643 (base 8) in base 13?
2cab
-130212 (base 4) to base 12
-1086
-101 (base 4) to base 11
-16
What is 40422 (base 6) in base 4?
1103132
Convert 41243 (base 5) to base 12.
168a
26 (base 11) to base 13
22
Convert -10020012 (base 4) to base 13.
-7902
What is 101211 (base 4) in base 9?
1480
Convert 2624 (base 7) to base 10.
998
5f48 (base 16) to base 6
304532
Convert -12110120 (base 3) to base 11.
-2aa2
Convert -25c6 (base 13) to base 16.
-1519
400432 (base 5) to base 3
122022022
41531 (base 7) to base 8
23746
-51260 (base 7) to base 10
-12488
Convert -204 (base 7) to base 12.
-86
Convert 19222 (base 10) to base 2.
100101100010110
-4a9 (base 14) to base 8
-1645
What is -90 (base 16) in base 10?
-144
-101200021 (base 3) to base 8
-17147
8a5 (base 12) to base 5
20102
What is -848 (base 15) in base 16?
-74c
What is -202022111 (base 3) in base 11?
-10143
What is 656 (base 10) in base 11?
547
-124120 (base 5) to base 6
-34422
-36cf (base 16) to base 15
-4256
355 (base 14) to base 5
10123
What is 1110201 (base 3) in base 8?
2060
Convert 15f (base 16) to base 11.
29a
Convert 29b (base 14) to base 6.
2241
What is -220202 (base 3) in base 8?
-1234
Convert -123410 (base 6) to base 2.
-10101110011110
Convert -515 (base 9) to base 7.
-1136
What is 339 (base 13) in base 4?
20223
What is 6652 (base 9) in base 15?
16c2
-3076 (base 12) to base 3
-21020100
Convert -315 (base 9) to base 16.
-101
12a (base 14) to base 4
3222
What is -650 (base 10) in base 16?
-28a
25021 (base 8) to base 2
10101000010001
What is -1330210 (base 4) in base 8?
-17444
Convert -295 (base 16) to base 4.
-22111
What is 28a9 (base 16) in base 7?
42230
What is -1486 (base 12) in base 4?
-211212
Convert -17273 (base 12) to base 2.
-1000000110110111
52501 (base 7) to base 13
5b72
Convert 9a77 (base 14) to base 10.
26761
Convert 11313321 (base 4) to base 14.
8aa5
What is -a1 (base 16) in base 9?
-188
-3554 (base 10) to base 4
-313202
-17 (base 11) to base 9
-20
Convert -65062 (base 7) to base 12.
-9431
What is 131 (base 14) in base 7?
461
Convert -31a21 (base 12) to base 9.
-108637
Convert -1302 (base 7) to base 12.
-350
Convert -13685 (base 11) to base 9.
-28614
Convert 273 (base 15) to base 11.
468
Convert -11377 (base 8) to base 5.
-123423
Convert -11551 (base 9) to base 13.
-36a6
Convert 1001011111 (base 2) to base 14.
315
Convert -100111022 (base 3) to base 14.
-2744
Convert -1665 (base 8) to base 16.
-3b5
Convert -10875 (base 11) to base 2.
-11110101001011
Convert -1460 (base 7) to base 12.
-405
100121010 (base 3) to base 5
210441
2d6c (base 16) to base 6
125500
Convert 221001021 (base 3) to base 8.
43523
403351 (base 6) to base 15
96b1
Convert 3554 (base 6) to base 5.
11422
What is -135 (base 6) in base 2?
-111011
What is 1324245 (base 6) in base 8?
217505
40535 (base 6) to base 3
21101112
What is 2243 (base 6) in base 7?
1356
1970 (base 15) to base 7
22023
-335 (base 10) to base 9
-412
Convert 564 (base 8) to base 14.
1c8
Convert 2331323 (base 4) to base 6.
132135
Convert 737 (base 10) to base 12.
515
Convert 2b7a (base 13) to base 5.
200404
What is 380 (base 13) in base 8?
1143
1204 (base 5) to base 15
be
-5a39 (base 11) to base 8
-17343
What is -32b (base 14) in base 7?
-1554
-41545 (base 7) to base 6
-115201
20331 (base 5) to base 3
1211200
What is -727 (base 10) in base 9?
-887
-1121000 (base 3) to base 2
-10010001001
What is 15115 (base 12) in base 3?
1111111222
Convert -9b9b (base 14) to base 11.
-19306
Convert -388 (base 16) to base 15.
-404
What is 13125 (base 11) in base 16?
495e
Convert 4107 (base 14) to base 2.
10101110101011
-228 (base 13) to base 5
-2442
What is 31b9 (base 12) in base 14?
1dc9
What is -5778 (base 10) in base 13?
-2826
What is -2432 (base 8) in base 11?
-a88
Convert -1685 (base 10) to base 16.
-695
Convert -9446 (base 12) to base 11.
-11181
Convert 1202000120 (base 3) to base 7.
201636
9d (base 16) to base 5
1112
-125504 (base 6) to base 5
-333012
12562 (base 7) to base 16
d30
What is -3514 (base 6) in base 7?
-2305
-1421400 (base 5) to base 2
-111001110100000
Convert 488 (base 10) to base 4.
13220
Convert -1300 (base 6) to base 13.
-1bc
345005 (base 6) to base 5
1421342
What is 1666 (base 7) in base 16?
2ad
Convert b19 (base 16) to base 8.
5431
What is -11001100010110 (base 2) in base 9?
-18841
What is 5009 (base 10) in base 5?
130014
What is 332a (base 16) in base 8?
31452
What is 25729 (base 11) in base 12?
1937b
What is 17257 (base 8) in base 4?
1322233
-12201220 (base 3) to base 7
-15123
What is 4120 (base 5) in base 13?
322
What is -1175 (base 12) in base 10?
-1961
What is -1111011110110010 (base 2) in base 5?
-4012120
Convert a177 (base 12) to base 9.
26021
What is 381 (base 9) in base 10?
316
2210 (base 6) to base 13
303
What is 15566 (base 7) in base 15?
148e
220201 (base 3) to base 4
22123
Convert -12510 (base 6) to base 13.
-b43
-6003 (base 11) to base 3
-101221220
-54432 (base 6) to base 2
-1110101010100
-13a0 (base 11) to base 14
-92c
-395c (base 13) to base 10
-8189
1120111211 (base 3) to base 4
13210033
2086 (base 12) to base 14
1422
What is 658 (base 9) in base 2?
1000011011
Convert 1011 (base 4) to base 10.
69
Convert -2053 (base 9) to base 13.
-8bb
-537 (base 12) to base 15
-35d
What is -904 (base 11) in base 10?
-1093
What is 21a1 (base 12) in base 10?
3721
Convert -2401 (base 10) to base 7.
-10000
Convert -5520 (base 15) to base 9.
-26653
Convert -5a27 (base 14) to base 8.
-36543
What is -155 (base 8) in base 2?
-1101101
Convert 18e5 (base 15) to base 3.
21101122
-41bd (base 15) to base 2
-11011001001111
Convert -26032 (base 7) to base 3.
-100102221
What is 5143 (base 7) in base 9?
2414
Convert -201 (base 6) to base 3.
-2201
Convert -1121011000 (base 3) to base 14.
-b66b
Convert 10222212 (base 3) to base 15.
ce2
Convert -197 (base 10) to base 15.
-d2
What is -1011110100 (base 2) in base 16?
-2f4
What is 32 (base 12) in base 13?
2c
What is -a812 (base 12) in base 6?
-221222
Convert -132 (base 16) to base 7.
-615
Convert 1527 (base 8) to base 11.
708
What is -34535 (base 8) in base 5?
-432220
162 (base 14) to base 4
10122
35522 (base 6) to base 10
5162
Convert -2210021 (base 3) to base 14.
-a52
What is -1ab9 (base 13) in base 7?
-14530
1339 (base 14) to base 6
23355
What is 21b66 (base 12) in base 2?
1010111100111110
Convert -16365 (base 7) to base 13.
-216c
Convert -411 (base 9) to base 11.
-284
Convert -32200 (base 4) to base 14.
-4a4
What is 33171 (base 10) in base 6?
413323
-dad5 (base 15) to base 7
-252026
Convert 232303 (base 4) to base 5.
43440
Convert 4005 (base 9) to base 2.
101101101001
-49b7 (base 15) to base 3
-210112101
Convert -182d (base 15) to base 14.
-1c8a
Convert 1311 (base 11) to base 7.
4655
Convert -2614 (base 9) to base 6.
-13021
60443 (base 8) to base 4
12010203
Convert 104430 (base 5) to base 10.
3740
What is -212414 (base 5) in base 6?
-53254
Convert -509a (base 16) to base 13.
-9513
What is 125c (base 15) in base 10?
3912
5717 (base 10) to base 5
140332
2012200 (base 3) to base 15
726
1000000001111001 (base 2) to base 9
50103
Convert -9c (base 16) to base 9.
-183
1011010101 (base 2) to base 16
2d5
What is -10632 (base 16) in base 13?
-24723
What is 10600 (base 8) in base 10